{"id":1313,"date":"2025-02-26T17:29:53","date_gmt":"2025-02-26T16:29:53","guid":{"rendered":"https:\/\/friandise.net\/?post_type=product&#038;p=1313"},"modified":"2025-02-26T17:29:53","modified_gmt":"2025-02-26T16:29:53","slug":"balles-de-golf-noire-vendu-au-100g","status":"publish","type":"product","link":"https:\/\/friandise.net\/index.php\/produit\/balles-de-golf-noire-vendu-au-100g\/","title":{"rendered":"Balles de golf Noire (Vendu au 100g)."},"content":{"rendered":"<p><img decoding=\"async\" class=\"alignnone size-full wp-image-1280\" src=\"http:\/\/friandise.net\/wp-content\/uploads\/2025\/02\/Bulgari.jpg\" alt=\"\" width=\"100\" height=\"71\" srcset=\"https:\/\/friandise.net\/wp-content\/uploads\/2025\/02\/Bulgari.jpg 100w, https:\/\/friandise.net\/wp-content\/uploads\/2025\/02\/Bulgari-64x45.jpg 64w\" sizes=\"(max-width: 100px) 100vw, 100px\" \/><\/p>\n<h5 style=\"text-align: justify;\"><span style=\"font-size: 12pt;\"><em>Habituellement, la guimauve ordinaire est de couleur blanche. Pour apporter de l&#8217;originalit\u00e9 \u00e0 votre table lors d&#8217;un repas festif, Friandise.net vous sugg\u00e8re de choisir une couleur noire. Une garniture mousseuse et a\u00e9r\u00e9e de couleur blanche dissimule sa forme de balle de golf croustillante et granuleuse. Une subtilit\u00e9 pour votre bouche. Elle \u00e0 un go\u00fbt neutre.<\/em><\/span><\/h5>\n<p>&nbsp;<\/p>\n<p>&nbsp;<\/p>\n<p>&nbsp;<\/p>\n","protected":false},"excerpt":{"rendered":"<h5 style=\"text-align: justify;\"><span style=\"font-size: 12pt;\"><em>Avec humour, Bulgari Agostino a color\u00e9 ces marshmallows en noir en utilisant du charbon v\u00e9g\u00e9tal. C&#8217;est une substance naturelle et saine qui contribue \u00e9galement \u00e0 \u00e9liminer les toxines du corps.<\/em><\/span><\/h5>\n","protected":false},"featured_media":1314,"comment_status":"open","ping_status":"closed","template":"","meta":{"_crdt_document":"","_regular_price":["1.89"],"currency_symbol":[]},"product_brand":[261],"product_cat":[259,272,260],"product_tag":[274,273],"class_list":{"0":"post-1313","1":"product","2":"type-product","3":"status-publish","4":"has-post-thumbnail","6":"product_brand-bulgari","7":"product_cat-guimauve","8":"product_cat-sans-colorant-artificiel","9":"product_cat-sans-gluten-guimauve","10":"product_tag-gout-neutre","11":"product_tag-noir","13":"first","14":"instock","15":"shipping-taxable","16":"purchasable","17":"product-type-simple"},"post_slider_layout_featured_media_urls":{"thumbnail":["https:\/\/friandise.net\/wp-content\/uploads\/2025\/02\/Balles-de-golf-noir-1-150x150.jpg",150,150,true],"post_slider_layout_landscape_large":["https:\/\/friandise.net\/wp-content\/uploads\/2025\/02\/Balles-de-golf-noir-1.jpg",225,225,false],"post_slider_layout_portrait_large":["https:\/\/friandise.net\/wp-content\/uploads\/2025\/02\/Balles-de-golf-noir-1.jpg",225,225,false],"post_slider_layout_square_large":["https:\/\/friandise.net\/wp-content\/uploads\/2025\/02\/Balles-de-golf-noir-1.jpg",225,225,false],"post_slider_layout_landscape":["https:\/\/friandise.net\/wp-content\/uploads\/2025\/02\/Balles-de-golf-noir-1.jpg",225,225,false],"post_slider_layout_portrait":["https:\/\/friandise.net\/wp-content\/uploads\/2025\/02\/Balles-de-golf-noir-1.jpg",225,225,false],"post_slider_layout_square":["https:\/\/friandise.net\/wp-content\/uploads\/2025\/02\/Balles-de-golf-noir-1.jpg",225,225,false],"full":["https:\/\/friandise.net\/wp-content\/uploads\/2025\/02\/Balles-de-golf-noir-1.jpg",225,225,false]},"jetpack_sharing_enabled":true,"_links":{"self":[{"href":"https:\/\/friandise.net\/index.php\/wp-json\/wp\/v2\/product\/1313","targetHints":{"allow":["GET"]}}],"collection":[{"href":"https:\/\/friandise.net\/index.php\/wp-json\/wp\/v2\/product"}],"about":[{"href":"https:\/\/friandise.net\/index.php\/wp-json\/wp\/v2\/types\/product"}],"replies":[{"embeddable":true,"href":"https:\/\/friandise.net\/index.php\/wp-json\/wp\/v2\/comments?post=1313"}],"wp:featuredmedia":[{"embeddable":true,"href":"https:\/\/friandise.net\/index.php\/wp-json\/wp\/v2\/media\/1314"}],"wp:attachment":[{"href":"https:\/\/friandise.net\/index.php\/wp-json\/wp\/v2\/media?parent=1313"}],"wp:term":[{"taxonomy":"product_brand","embeddable":true,"href":"https:\/\/friandise.net\/index.php\/wp-json\/wp\/v2\/product_brand?post=1313"},{"taxonomy":"product_cat","embeddable":true,"href":"https:\/\/friandise.net\/index.php\/wp-json\/wp\/v2\/product_cat?post=1313"},{"taxonomy":"product_tag","embeddable":true,"href":"https:\/\/friandise.net\/index.php\/wp-json\/wp\/v2\/product_tag?post=1313"}],"curies":[{"name":"wp","href":"https:\/\/api.w.org\/{rel}","templated":true}]}}